{"id":229,"date":"2019-08-13T11:38:39","date_gmt":"2019-08-13T09:38:39","guid":{"rendered":"http:\/\/impactes.be\/?page_id=229"},"modified":"2025-01-02T22:38:24","modified_gmt":"2025-01-02T21:38:24","slug":"notre-equipe","status":"publish","type":"page","link":"https:\/\/impactes.be\/index.php\/notre-equipe\/","title":{"rendered":"Notre \u00e9quipe"},"content":{"rendered":"\n<blockquote class=\"wp-block-quote is-layout-flow wp-block-quote-is-layout-flow\"><p>Johanne KYNDT &#8211; co-fondatrice, animatrice, responsable de la gestion journali\u00e8re<\/p><p> Emerveill\u00e9e depuis l\u2019enfance par la nature qui nous entoure, et surtout  sensible \u00e0 sa protection, j\u2019ai d\u2019abord investi mes centres d\u2019int\u00e9r\u00eats  vers les Humains! J&rsquo;ai donc \u00e9t\u00e9 travailleuse sociale pendant 22 ans.  Je  suis actuellement animatrice en Education Permantente dans un mouvement  social pour a\u00een\u00e9s. <\/p><\/blockquote>\n\n\n\n<p>Au fil de mes voyages et de mes rencontres, il m\u2019est apparu \u00e9vident que, nous les humains, nous ne continuerons pas notre route si nous ne nous reconnectons pas \u00e0 notre Terre-m\u00e8re, en la prot\u00e9geant, en la respectant&#8230;  Je d\u00e9sire donc \u0153uvrer \u00e0 sa sauvegarde: j\u2019aspire \u00e0 impacter un changement de comportement afin de limiter notre empreinte sur cette nature g\u00e9n\u00e9reuse qui nous entoure et qui nous nourrit.<\/p>\n\n\n\n<p>Dans une d\u00e9marche z\u00e9ro d\u00e9chet avec mon mari et mes trois enfants depuis plus de 6 ans, c\u2019est l\u2019envie de rayonner la d\u00e9marche z\u00e9ro d\u00e9chet et le minimalisme, qui me pousse au d\u00e9part \u00e0 fonder ImpActes en mars 2019. <\/p>\n\n\n\n<p>Parce que je crois en la capacit\u00e9 de l\u2019Homme \u00e0 se reconnecter \u00e0 la Nature, parce que nous sommes tous responsables du d\u00e9sastre \u00e9cologique qui se profile, parce qu\u2019il m\u2019est impossible de l\u2019observer sans agir, m\u00eame petitement \u00e0 mon \u00e9chelle !<\/p>\n\n\n\n<p>Je souhaite partager mon exp\u00e9rience heureuse du z\u00e9ro d\u00e9chet et au-del\u00e0, de la connexion \u00e0 la Terre. Je r\u00eave de transmettre aux g\u00e9n\u00e9rations futures les cl\u00e9s qui garantiront leur survie, en commen\u00e7ant par une connexion \u00e0 la For\u00eat &#8230;<\/p>\n\n\n\n<p>Rien que \u00e7a!<\/p>\n\n\n\n<ul class=\"wp-block-gallery aligncenter columns-1 is-cropped wp-block-gallery-1 is-layout-flex wp-block-gallery-is-layout-flex\"><li class=\"blocks-gallery-item\"><figure><img loading=\"lazy\" decoding=\"async\" width=\"724\" height=\"1024\" src=\"http:\/\/impactes.be\/wp-content\/uploads\/2024\/07\/jo-724x1024.png\" alt=\"\" data-id=\"728\" data-link=\"http:\/\/impactes.be\/index.php\/notre-equipe\/jo\/\" class=\"wp-image-728\" srcset=\"https:\/\/impactes.be\/wp-content\/uploads\/2024\/07\/jo-724x1024.png 724w, https:\/\/impactes.be\/wp-content\/uploads\/2024\/07\/jo-212x300.png 212w, https:\/\/impactes.be\/wp-content\/uploads\/2024\/07\/jo-768x1086.png 768w, https:\/\/impactes.be\/wp-content\/uploads\/2024\/07\/jo-1140x1612.png 1140w, https:\/\/impactes.be\/wp-content\/uploads\/2024\/07\/jo.png 1414w\" sizes=\"auto, (max-width: 724px) 100vw, 724px\" \/><\/figure><\/li><\/ul>\n\n\n\n<div class=\"wp-block-image\"><figure class=\"aligncenter is-resized\"><img loading=\"lazy\" decoding=\"async\" src=\"http:\/\/impactes.be\/wp-content\/uploads\/2019\/08\/feuille-extraite-du-logo-2-915x1024.jpg\" alt=\"\" class=\"wp-image-312\" width=\"56\" height=\"63\" srcset=\"https:\/\/impactes.be\/wp-content\/uploads\/2019\/08\/feuille-extraite-du-logo-2-915x1024.jpg 915w, https:\/\/impactes.be\/wp-content\/uploads\/2019\/08\/feuille-extraite-du-logo-2-268x300.jpg 268w, https:\/\/impactes.be\/wp-content\/uploads\/2019\/08\/feuille-extraite-du-logo-2-768x860.jpg 768w, https:\/\/impactes.be\/wp-content\/uploads\/2019\/08\/feuille-extraite-du-logo-2-1140x1276.jpg 1140w, https:\/\/impactes.be\/wp-content\/uploads\/2019\/08\/feuille-extraite-du-logo-2.jpg 1188w\" sizes=\"auto, (max-width: 56px) 100vw, 56px\" \/><\/figure><\/div>\n\n\n\n<p><br> Animatrices B\u00e9n\u00e9voles :  <\/p>\n\n\n\n<ul class=\"wp-block-list\"><li>Johanne KYNDT <\/li><li>Marie-jo BELLEFLAMME <\/li><li>Emmanuelle GERARD <\/li><li>Noa RUTILLO <\/li><\/ul>\n\n\n\n<ul class=\"wp-block-gallery columns-3 is-cropped wp-block-gallery-2 is-layout-flex wp-block-gallery-is-layout-flex\"><li class=\"blocks-gallery-item\"><figure><img loading=\"lazy\" decoding=\"async\" width=\"724\" height=\"1024\" src=\"http:\/\/impactes.be\/wp-content\/uploads\/2024\/07\/mjo-724x1024.png\" alt=\"\" data-id=\"713\" data-link=\"http:\/\/impactes.be\/index.php\/notre-equipe\/mjo-2\/\" class=\"wp-image-713\" srcset=\"https:\/\/impactes.be\/wp-content\/uploads\/2024\/07\/mjo-724x1024.png 724w, https:\/\/impactes.be\/wp-content\/uploads\/2024\/07\/mjo-212x300.png 212w, https:\/\/impactes.be\/wp-content\/uploads\/2024\/07\/mjo-768x1086.png 768w, https:\/\/impactes.be\/wp-content\/uploads\/2024\/07\/mjo-1140x1612.png 1140w, https:\/\/impactes.be\/wp-content\/uploads\/2024\/07\/mjo.png 1414w\" sizes=\"auto, (max-width: 724px) 100vw, 724px\" \/><\/figure><\/li><li class=\"blocks-gallery-item\"><figure><img loading=\"lazy\" decoding=\"async\" width=\"400\" height=\"400\" src=\"http:\/\/impactes.be\/wp-content\/uploads\/2024\/07\/moi-q3igg6jt8rfyixnrqgvuiomnnuamhfcm17x5av8l28-5.jpg\" alt=\"\" data-id=\"726\" data-link=\"http:\/\/impactes.be\/index.php\/notre-equipe\/moi-q3igg6jt8rfyixnrqgvuiomnnuamhfcm17x5av8l28-6\/\" class=\"wp-image-726\" srcset=\"https:\/\/impactes.be\/wp-content\/uploads\/2024\/07\/moi-q3igg6jt8rfyixnrqgvuiomnnuamhfcm17x5av8l28-5.jpg 400w, https:\/\/impactes.be\/wp-content\/uploads\/2024\/07\/moi-q3igg6jt8rfyixnrqgvuiomnnuamhfcm17x5av8l28-5-150x150.jpg 150w, https:\/\/impactes.be\/wp-content\/uploads\/2024\/07\/moi-q3igg6jt8rfyixnrqgvuiomnnuamhfcm17x5av8l28-5-300x300.jpg 300w, https:\/\/impactes.be\/wp-content\/uploads\/2024\/07\/moi-q3igg6jt8rfyixnrqgvuiomnnuamhfcm17x5av8l28-5-75x75.jpg 75w\" sizes=\"auto, (max-width: 400px) 100vw, 400px\" \/><\/figure><\/li><li class=\"blocks-gallery-item\"><figure><img loading=\"lazy\" decoding=\"async\" width=\"724\" height=\"1024\" src=\"http:\/\/impactes.be\/wp-content\/uploads\/2024\/07\/Noah-2-724x1024.png\" alt=\"\" data-id=\"727\" data-link=\"http:\/\/impactes.be\/index.php\/notre-equipe\/noah-3\/\" class=\"wp-image-727\" srcset=\"https:\/\/impactes.be\/wp-content\/uploads\/2024\/07\/Noah-2-724x1024.png 724w, https:\/\/impactes.be\/wp-content\/uploads\/2024\/07\/Noah-2-212x300.png 212w, https:\/\/impactes.be\/wp-content\/uploads\/2024\/07\/Noah-2-768x1086.png 768w, https:\/\/impactes.be\/wp-content\/uploads\/2024\/07\/Noah-2-1140x1612.png 1140w, https:\/\/impactes.be\/wp-content\/uploads\/2024\/07\/Noah-2.png 1414w\" sizes=\"auto, (max-width: 724px) 100vw, 724px\" \/><\/figure><\/li><\/ul>\n\n\n\n<p><br>Conseil d\u2019Administration: <\/p>\n\n\n\n<ul class=\"wp-block-list\"><li>In\u00e8s TAMAZARTI <\/li><li>Sophie GRISARD <\/li><li>Emmanuelle GERARD  <\/li><\/ul>\n\n\n\n<ul class=\"wp-block-gallery columns-3 is-cropped wp-block-gallery-3 is-layout-flex wp-block-gallery-is-layout-flex\"><li class=\"blocks-gallery-item\"><figure><img loading=\"lazy\" decoding=\"async\" width=\"724\" height=\"1024\" src=\"http:\/\/impactes.be\/wp-content\/uploads\/2024\/07\/ines-724x1024.png\" alt=\"\" data-id=\"715\" data-link=\"http:\/\/impactes.be\/index.php\/notre-equipe\/ines\/\" class=\"wp-image-715\" srcset=\"https:\/\/impactes.be\/wp-content\/uploads\/2024\/07\/ines-724x1024.png 724w, https:\/\/impactes.be\/wp-content\/uploads\/2024\/07\/ines-212x300.png 212w, https:\/\/impactes.be\/wp-content\/uploads\/2024\/07\/ines-768x1086.png 768w, https:\/\/impactes.be\/wp-content\/uploads\/2024\/07\/ines-1140x1612.png 1140w, https:\/\/impactes.be\/wp-content\/uploads\/2024\/07\/ines.png 1414w\" sizes=\"auto, (max-width: 724px) 100vw, 724px\" \/><\/figure><\/li><li class=\"blocks-gallery-item\"><figure><img loading=\"lazy\" decoding=\"async\" width=\"724\" height=\"1024\" src=\"http:\/\/impactes.be\/wp-content\/uploads\/2024\/07\/Sophie-1-724x1024.png\" alt=\"\" data-id=\"717\" data-link=\"http:\/\/impactes.be\/index.php\/notre-equipe\/sophie-2\/\" class=\"wp-image-717\" srcset=\"https:\/\/impactes.be\/wp-content\/uploads\/2024\/07\/Sophie-1-724x1024.png 724w, https:\/\/impactes.be\/wp-content\/uploads\/2024\/07\/Sophie-1-212x300.png 212w, https:\/\/impactes.be\/wp-content\/uploads\/2024\/07\/Sophie-1-768x1086.png 768w, https:\/\/impactes.be\/wp-content\/uploads\/2024\/07\/Sophie-1-1140x1612.png 1140w, https:\/\/impactes.be\/wp-content\/uploads\/2024\/07\/Sophie-1.png 1414w\" sizes=\"auto, (max-width: 724px) 100vw, 724px\" \/><\/figure><\/li><li class=\"blocks-gallery-item\"><figure><img loading=\"lazy\" decoding=\"async\" width=\"400\" height=\"400\" src=\"http:\/\/impactes.be\/wp-content\/uploads\/2024\/07\/moi-q3igg6jt8rfyixnrqgvuiomnnuamhfcm17x5av8l28-3.jpg\" alt=\"\" data-id=\"719\" data-link=\"http:\/\/impactes.be\/index.php\/notre-equipe\/moi-q3igg6jt8rfyixnrqgvuiomnnuamhfcm17x5av8l28-4\/\" class=\"wp-image-719\" srcset=\"https:\/\/impactes.be\/wp-content\/uploads\/2024\/07\/moi-q3igg6jt8rfyixnrqgvuiomnnuamhfcm17x5av8l28-3.jpg 400w, https:\/\/impactes.be\/wp-content\/uploads\/2024\/07\/moi-q3igg6jt8rfyixnrqgvuiomnnuamhfcm17x5av8l28-3-150x150.jpg 150w, https:\/\/impactes.be\/wp-content\/uploads\/2024\/07\/moi-q3igg6jt8rfyixnrqgvuiomnnuamhfcm17x5av8l28-3-300x300.jpg 300w, https:\/\/impactes.be\/wp-content\/uploads\/2024\/07\/moi-q3igg6jt8rfyixnrqgvuiomnnuamhfcm17x5av8l28-3-75x75.jpg 75w\" sizes=\"auto, (max-width: 400px) 100vw, 400px\" \/><\/figure><\/li><\/ul>\n\n\n\n<p>Assembl\u00e9e G\u00e9n\u00e9rale: <br><\/p>\n\n\n\n<ul class=\"wp-block-list\"><li> V\u00e9ronique CROQUET<\/li><li>Marie-jo BELLEFLAMME<\/li><\/ul>\n\n\n\n<ul class=\"wp-block-gallery columns-2 is-cropped wp-block-gallery-4 is-layout-flex wp-block-gallery-is-layout-flex\"><li class=\"blocks-gallery-item\"><figure><img decoding=\"async\" src=\"blob:http:\/\/impactes.be\/d2487475-ea61-4207-bef5-01a755ed4b41\"\/><\/figure><\/li><li class=\"blocks-gallery-item\"><figure><img loading=\"lazy\" decoding=\"async\" width=\"724\" height=\"1024\" src=\"http:\/\/impactes.be\/wp-content\/uploads\/2024\/07\/mjo-1-724x1024.png\" alt=\"\" data-id=\"722\" data-link=\"http:\/\/impactes.be\/index.php\/notre-equipe\/mjo-3\/\" class=\"wp-image-722\" srcset=\"https:\/\/impactes.be\/wp-content\/uploads\/2024\/07\/mjo-1-724x1024.png 724w, https:\/\/impactes.be\/wp-content\/uploads\/2024\/07\/mjo-1-212x300.png 212w, https:\/\/impactes.be\/wp-content\/uploads\/2024\/07\/mjo-1-768x1086.png 768w, https:\/\/impactes.be\/wp-content\/uploads\/2024\/07\/mjo-1-1140x1612.png 1140w, https:\/\/impactes.be\/wp-content\/uploads\/2024\/07\/mjo-1.png 1414w\" sizes=\"auto, (max-width: 724px) 100vw, 724px\" \/><\/figure><\/li><\/ul>\n\n\n\n<p><br>Soutien ponctuel \u00e0 l&rsquo;animation : <\/p>\n\n\n\n<blockquote class=\"wp-block-quote is-layout-flow wp-block-quote-is-layout-flow\"><p>V\u00e9ronique CROQUET<\/p><p>Emilie CROQUET <\/p><p><\/p><\/blockquote>\n\n\n\n<ul class=\"wp-block-gallery columns-2 is-cropped wp-block-gallery-5 is-layout-flex wp-block-gallery-is-layout-flex\"><li class=\"blocks-gallery-item\"><figure><img decoding=\"async\" src=\"blob:http:\/\/impactes.be\/d2487475-ea61-4207-bef5-01a755ed4b41\"\/><\/figure><\/li><li class=\"blocks-gallery-item\"><figure><img loading=\"lazy\" decoding=\"async\" width=\"724\" height=\"1024\" src=\"http:\/\/impactes.be\/wp-content\/uploads\/2024\/07\/croky-724x1024.png\" alt=\"\" data-id=\"729\" data-link=\"http:\/\/impactes.be\/index.php\/notre-equipe\/croky\/\" class=\"wp-image-729\" srcset=\"https:\/\/impactes.be\/wp-content\/uploads\/2024\/07\/croky-724x1024.png 724w, https:\/\/impactes.be\/wp-content\/uploads\/2024\/07\/croky-212x300.png 212w, https:\/\/impactes.be\/wp-content\/uploads\/2024\/07\/croky-768x1086.png 768w, https:\/\/impactes.be\/wp-content\/uploads\/2024\/07\/croky-1140x1612.png 1140w, https:\/\/impactes.be\/wp-content\/uploads\/2024\/07\/croky.png 1414w\" sizes=\"auto, (max-width: 724px) 100vw, 724px\" \/><\/figure><\/li><\/ul>\n\n\n\n<figure class=\"wp-block-image\"><img loading=\"lazy\" decoding=\"async\" width=\"1024\" height=\"768\" src=\"http:\/\/impactes.be\/wp-content\/uploads\/2024\/07\/IMPACTES-086-1024x768.jpg\" alt=\"\" class=\"wp-image-709\" srcset=\"https:\/\/impactes.be\/wp-content\/uploads\/2024\/07\/IMPACTES-086-1024x768.jpg 1024w, https:\/\/impactes.be\/wp-content\/uploads\/2024\/07\/IMPACTES-086-300x225.jpg 300w, https:\/\/impactes.be\/wp-content\/uploads\/2024\/07\/IMPACTES-086-768x576.jpg 768w, https:\/\/impactes.be\/wp-content\/uploads\/2024\/07\/IMPACTES-086-1140x855.jpg 1140w\" sizes=\"auto, (max-width: 1024px) 100vw, 1024px\" \/><figcaption>2 juin 2024- Les 5ans d&rsquo;ImpActes.<br><\/figcaption><\/figure>\n\n\n\n<p><\/p>\n","protected":false},"excerpt":{"rendered":"<p>Johanne KYNDT &#8211; co-fondatrice, animatrice, responsable de la gestion journali\u00e8re Emerveill\u00e9e depuis l\u2019enfance par la nature qui nous entoure, et surtout sensible \u00e0 sa protection, j\u2019ai d\u2019abord investi mes centres d\u2019int\u00e9r\u00eats vers les Humains! J&rsquo;ai donc \u00e9t\u00e9 travailleuse sociale pendant 22 ans. Je suis actuellement animatrice en Education Permantente dans un mouvement social pour a\u00een\u00e9s. Au fil de mes voyages et de mes rencontres, il m\u2019est apparu \u00e9vident que, nous les humains, nous ne continuerons pas notre route si nous ne nous reconnectons pas \u00e0 notre Terre-m\u00e8re, en la prot\u00e9geant, en la respectant&#8230; Je d\u00e9sire donc \u0153uvrer \u00e0 sa sauvegarde: j\u2019aspire \u00e0 impacter un changement de comportement afin de limiter notre empreinte sur cette nature g\u00e9n\u00e9reuse qui nous entoure et qui nous nourrit. Dans une d\u00e9marche z\u00e9ro d\u00e9chet avec mon mari et mes trois enfants depuis plus de 6 ans, c\u2019est l\u2019envie de rayonner la d\u00e9marche z\u00e9ro d\u00e9chet et le minimalisme, qui me pousse au d\u00e9part \u00e0 fonder ImpActes en mars 2019. Parce que je crois en la capacit\u00e9 de l\u2019Homme \u00e0 se reconnecter \u00e0 la Nature, parce que nous sommes tous responsables du d\u00e9sastre \u00e9cologique qui se profile, parce qu\u2019il m\u2019est impossible de l\u2019observer sans agir, m\u00eame petitement \u00e0 mon \u00e9chelle ! Je souhaite partager mon exp\u00e9rience heureuse du z\u00e9ro d\u00e9chet et au-del\u00e0, de la connexion \u00e0 la Terre. Je r\u00eave de transmettre aux g\u00e9n\u00e9rations futures les cl\u00e9s qui garantiront leur survie, en commen\u00e7ant par une connexion \u00e0 la For\u00eat &#8230; Rien que \u00e7a! Animatrices B\u00e9n\u00e9voles : Johanne KYNDT Marie-jo BELLEFLAMME Emmanuelle GERARD Noa RUTILLO Conseil d\u2019Administration: In\u00e8s TAMAZARTI Sophie GRISARD Emmanuelle GERARD Assembl\u00e9e G\u00e9n\u00e9rale: V\u00e9ronique CROQUET Marie-jo BELLEFLAMME Soutien ponctuel \u00e0 l&rsquo;animation : V\u00e9ronique CROQUET Emilie CROQUET<\/p>\n","protected":false},"author":1,"featured_media":0,"parent":0,"menu_order":0,"comment_status":"closed","ping_status":"closed","template":"","meta":{"footnotes":""},"class_list":["post-229","page","type-page","status-publish","hentry"],"_links":{"self":[{"href":"https:\/\/impactes.be\/index.php\/wp-json\/wp\/v2\/pages\/229","targetHints":{"allow":["GET"]}}],"collection":[{"href":"https:\/\/impactes.be\/index.php\/wp-json\/wp\/v2\/pages"}],"about":[{"href":"https:\/\/impactes.be\/index.php\/wp-json\/wp\/v2\/types\/page"}],"author":[{"embeddable":true,"href":"https:\/\/impactes.be\/index.php\/wp-json\/wp\/v2\/users\/1"}],"replies":[{"embeddable":true,"href":"https:\/\/impactes.be\/index.php\/wp-json\/wp\/v2\/comments?post=229"}],"version-history":[{"count":32,"href":"https:\/\/impactes.be\/index.php\/wp-json\/wp\/v2\/pages\/229\/revisions"}],"predecessor-version":[{"id":781,"href":"https:\/\/impactes.be\/index.php\/wp-json\/wp\/v2\/pages\/229\/revisions\/781"}],"wp:attachment":[{"href":"https:\/\/impactes.be\/index.php\/wp-json\/wp\/v2\/media?parent=229"}],"curies":[{"name":"wp","href":"https:\/\/api.w.org\/{rel}","templated":true}]}}