{"id":700,"date":"2024-06-16T09:03:22","date_gmt":"2024-06-16T07:03:22","guid":{"rendered":"http:\/\/impactes.be\/?page_id=700"},"modified":"2025-01-02T22:41:11","modified_gmt":"2025-01-02T21:41:11","slug":"stages-suspendus","status":"publish","type":"page","link":"https:\/\/impactes.be\/index.php\/stages-suspendus\/","title":{"rendered":"Stages Suspendus"},"content":{"rendered":"\n<p> \u00c7a y est! Notre projet de STAGES SUSPENDUS est lanc\u00e9! <\/p>\n\n\n\n<p>Apr\u00e8s le caf\u00e9 suspendu , la frite suspendue, voici le stage suspendu ! <\/p>\n\n\n\n<p><a href=\"https:\/\/www.facebook.com\/johanne.kyndt?__cft__[0]=AZWBNXNNtrdkj-hNyKmrg3AjY9PW0p0FXcmXzk0ZorLU8XHW8vchPLasSQWq3RydZ3fcqE2mCZct8gGMxXlePdjWZBeK8b1ZlPyZRSSVWwDnzXXiYInCAOi5DBZ5UwrunTJiMPmc__wW5_4-Xx0JD2oAebiTrFJgZMbVjgRGaPqdLC2LBnwfjcWvt8qHZSPrxLw&amp;__tn__=-]K-R\">Johanne Kyndt<\/a> vous l&rsquo;explique au micro de B\u00e9n\u00e9dicte de <a href=\"https:\/\/www.facebook.com\/rtbfinfo?__cft__[0]=AZWBNXNNtrdkj-hNyKmrg3AjY9PW0p0FXcmXzk0ZorLU8XHW8vchPLasSQWq3RydZ3fcqE2mCZct8gGMxXlePdjWZBeK8b1ZlPyZRSSVWwDnzXXiYInCAOi5DBZ5UwrunTJiMPmc__wW5_4-Xx0JD2oAebiTrFJgZMbVjgRGaPqdLC2LBnwfjcWvt8qHZSPrxLw&amp;__tn__=-]K-R\">RTBF Info<\/a>..<a rel=\"noreferrer noopener\" href=\"https:\/\/www.rtbf.be\/article\/a-polleur-des-stages-suspendus-pour-les-enfants-defavorises-11385058?fbclid=IwZXh0bgNhZW0CMTAAAR108KdY_n3mCqnchCD4o0vaRjKOlQJCds6whjMKaZeYLW-yzKyzeVJuIdM_aem_ZmFrZWR1bW15MTZieXRlcw\" target=\"_blank\">https:\/\/www.rtbf.be\/&#8230;\/a-polleur-des-stages-suspendus&#8230;<\/a><\/p>\n\n\n\n<p>Si vous d\u00e9sirez soutenir l&rsquo;id\u00e9e, vous pouvez alimenter notre enveloppe  \u00ab\u00a0Stages Suspendus\u00a0\u00bb via le compte BE15 1030 6072 7930 avec en communication \u00ab\u00a0Dons Suspendus + votre pr\u00e9nom &amp;nom\u00a0\u00bb.<\/p>\n\n\n\n<p>[Parce que nous ne b\u00e9n\u00e9ficions actuellement d&rsquo;aucun subside, nous demandons 24\u20ac\/enfant pour une journ\u00e9e de stage.]<\/p>\n\n\n\n<p>Plus que jamais, la solidarit\u00e9, c&rsquo;est bon pour nous tous!<\/p>\n\n\n\n<p>Merci pour votre soutien ! <\/p>\n\n\n\n<p>Merci \u00e0 Sarah Rentmeister du journal l&rsquo;Avenir pour son bel article dans l&rsquo;\u00e9dition du vendredi  31\/05\/2024.<\/p>\n\n\n\n<figure class=\"wp-block-image\"><img loading=\"lazy\" decoding=\"async\" width=\"785\" height=\"1024\" src=\"http:\/\/impactes.be\/wp-content\/uploads\/2024\/06\/WhatsApp-Image-2024-06-16-\u00e0-09.12.14_b1ad2ab6-785x1024.jpg\" alt=\"\" class=\"wp-image-704\" srcset=\"https:\/\/impactes.be\/wp-content\/uploads\/2024\/06\/WhatsApp-Image-2024-06-16-\u00e0-09.12.14_b1ad2ab6-785x1024.jpg 785w, https:\/\/impactes.be\/wp-content\/uploads\/2024\/06\/WhatsApp-Image-2024-06-16-\u00e0-09.12.14_b1ad2ab6-230x300.jpg 230w, https:\/\/impactes.be\/wp-content\/uploads\/2024\/06\/WhatsApp-Image-2024-06-16-\u00e0-09.12.14_b1ad2ab6-768x1002.jpg 768w, https:\/\/impactes.be\/wp-content\/uploads\/2024\/06\/WhatsApp-Image-2024-06-16-\u00e0-09.12.14_b1ad2ab6-1140x1488.jpg 1140w, https:\/\/impactes.be\/wp-content\/uploads\/2024\/06\/WhatsApp-Image-2024-06-16-\u00e0-09.12.14_b1ad2ab6.jpg 1569w\" sizes=\"auto, (max-width: 785px) 100vw, 785px\" \/><\/figure>\n","protected":false},"excerpt":{"rendered":"<p>\u00c7a y est! Notre projet de STAGES SUSPENDUS est lanc\u00e9! Apr\u00e8s le caf\u00e9 suspendu , la frite suspendue, voici le stage suspendu ! Johanne Kyndt vous l&rsquo;explique au micro de B\u00e9n\u00e9dicte de RTBF Info..https:\/\/www.rtbf.be\/&#8230;\/a-polleur-des-stages-suspendus&#8230; Si vous d\u00e9sirez soutenir l&rsquo;id\u00e9e, vous pouvez alimenter notre enveloppe \u00ab\u00a0Stages Suspendus\u00a0\u00bb via le compte BE15 1030 6072 7930 avec en communication \u00ab\u00a0Dons Suspendus + votre pr\u00e9nom &amp;nom\u00a0\u00bb. [Parce que nous ne b\u00e9n\u00e9ficions actuellement d&rsquo;aucun subside, nous demandons 24\u20ac\/enfant pour une journ\u00e9e de stage.] Plus que jamais, la solidarit\u00e9, c&rsquo;est bon pour nous tous! Merci pour votre soutien ! Merci \u00e0 Sarah Rentmeister du journal l&rsquo;Avenir pour son bel article dans l&rsquo;\u00e9dition du vendredi 31\/05\/2024.<\/p>\n","protected":false},"author":1,"featured_media":0,"parent":0,"menu_order":0,"comment_status":"closed","ping_status":"closed","template":"","meta":{"footnotes":""},"class_list":["post-700","page","type-page","status-publish","hentry"],"_links":{"self":[{"href":"https:\/\/impactes.be\/index.php\/wp-json\/wp\/v2\/pages\/700","targetHints":{"allow":["GET"]}}],"collection":[{"href":"https:\/\/impactes.be\/index.php\/wp-json\/wp\/v2\/pages"}],"about":[{"href":"https:\/\/impactes.be\/index.php\/wp-json\/wp\/v2\/types\/page"}],"author":[{"embeddable":true,"href":"https:\/\/impactes.be\/index.php\/wp-json\/wp\/v2\/users\/1"}],"replies":[{"embeddable":true,"href":"https:\/\/impactes.be\/index.php\/wp-json\/wp\/v2\/comments?post=700"}],"version-history":[{"count":4,"href":"https:\/\/impactes.be\/index.php\/wp-json\/wp\/v2\/pages\/700\/revisions"}],"predecessor-version":[{"id":740,"href":"https:\/\/impactes.be\/index.php\/wp-json\/wp\/v2\/pages\/700\/revisions\/740"}],"wp:attachment":[{"href":"https:\/\/impactes.be\/index.php\/wp-json\/wp\/v2\/media?parent=700"}],"curies":[{"name":"wp","href":"https:\/\/api.w.org\/{rel}","templated":true}]}}